(-3). Suppose q*h - h = -5*w - 15, 0 = -h - 4*w - 12. List the prime factors of 2 - (h + 1) - -13.
2, 7
Let c(j) = j + 5. List the prime factors of c(27).
2
Let p(u) = -u**3 + 11*u**2 + 15*u + 11. List the prime factors of p(12).
47
Suppose s + 1 = 4. Suppose 0 = 2*z - s*z - 2. What are the prime factors of (6/4)/((-1)/z)?
3
Let o(c) = 8*c - 3. What are the prime factors of o(1)?
5
Let t(f) = -f**3 - 8*f**2 - 9*f + 8. Let j be t(-7). Let l = j + -8. What are the prime factors of l?
2, 7
Let s(b) = 125*b**3 - 2*b**2 - b + 2. List the prime factors of s(1).
2, 31
Suppose -23*h + 21*h + 114 = 0. List the prime factors of h.
3, 19
Let k = -3 + 6. Suppose -5*l - d + 40 = 0, -k*d + 50 - 18 = 4*l. What are the prime factors of l?
2
Let d be 3/2*(-10)/(-3). Suppose -103 = -d*t + 22. List the prime factors of 144/10 - 10/t.
2, 7
Suppose w + w = -26. Suppose 4*l = -26 - 10. Let a = l - w. List the prime factors of a.
2
Let t(u) be the third derivative of u**4/8 - u**3 - 4*u**2. List the prime factors of t(9).
3, 7
Let m be 1 + (-1 - -6) + -1. Suppose 2*z = -m*v + 21, -2 = 3*z + v - 1. Let q = z + 14. List the prime factors of q.
2, 3
Let l be (39/9 + -1)*9. Suppose 0*d = 2*d - l. List the prime factors of d.
3, 5
Let p(o) = -o - 2. Let v be p(-2). Suppose v*l + 14 = l + z, 78 = 5*l + 3*z. List the prime factors of 4*2 - l/(-6).
11
List the prime factors of (-1)/(-2 - -1) - (-8 + -18).
3
Let m(g) = 2*g - 1. Let h be m(3). Suppose 0 = 5*k + 20, h*n - 5*k - 37 + 7 = 0. List the prime factors of 3/(-1) + n - -5.
2
Let x(f) be the third derivative of f**5/60 - f**4/12 + 2*f**2. What are the prime factors of x(-3)?
3, 5
Let z = 13 - 8. Let j(u) = -u**3 + 2*u + 2. Let n be j(-2). Suppose z*m - n = 14. What are the prime factors of m?
2
Let t = 436 + -274. List the prime factors of t.
2, 3
Let a(x) = x**2 - 2*x + 126. What are the prime factors of a(0)?
2, 3, 7
Suppose 2*d - 20 = 2*n, 2*n - 4*n - 38 = -4*d. What are the prime factors of ((-6)/d)/((-3)/162)?
2, 3
Let k = 25 - -4. Let y = k - 16. What are the prime factors of y?
13
Suppose 1 = -o + 2*f - 2, -21 = -5*o - 2*f. Suppose o*m - 22 = m. List the prime factors of m.
11
Let j(m) = -m**2 + 8*m. Let q be 2 + (-1 + -1 - -7). List the prime factors of j(q).
7
Let b(u) = u + 1. Let k(t) = 12. Suppose 0 = 5*s - s + 4. Let d(n) = s*k(n) + 2*b(n). List the prime factors of d(7).
2
Let x(t) = -t**2 + 4. Let f be x(0). Suppose f = 3*y - 20. What are the prime factors of y?
2
Suppose 4*o - 23 - 5 = 0. List the prime factors of o.
7
Suppose -2*i = 4*o - 106, -i + 4*i + 4*o - 161 = 0. List the prime factors of i.
5, 11
Let c(x) = 4*x**2 + 5*x - 3. What are the prime factors of c(-4)?
41
Suppose -20 = 5*r, -q - q - 5*r = 16. Suppose -q*x + 14 = 2*o, o + 3*x - 23 = -2*x. List the prime factors of o.
3
Suppose -25 = 5*x - 5. Let n = x + 7. List the prime factors of n.
3
Let o be ((-12)/(-15))/(2/55). Suppose -2*u = -4*x - 48, 0 = 5*u - 8*u - 4*x + o. What are the prime factors of u?
2, 7
Let l be (-2)/6 - (-212)/(-12). Let i = -7 - l. List the prime factors of i.
11
Let a = -237 + 338. Suppose 4*u = -3*t + 117, -261 + a = -5*u - t. What are the prime factors of u?
3, 11
Let r be (10/(-3))/((-8)/12). Suppose 0*s + 12 = -s - 4*c, 0 = 5*s + r*c. List the prime factors of s.
2
Let q(l) = 7*l**2 - 2*l - 3. What are the prime factors of q(-2)?
29
Let s(c) = 6*c**3 - 2*c**2 + 1. Suppose 4*g + 4*x + x = 20, -3*g - 3*x = -12. Suppose 2 = 2*o - g. What are the prime factors of s(o)?
5
Suppose -3*o = o - 8. Suppose o*t - 52 = -18. List the prime factors of t.
17
Let r be 2/(-8) + 82/8. What are the prime factors of 4 + r + (0 - 1)?
13
Let f(v) = v**3 + 6*v**2 + 4*v + 6. What are the prime factors of f(-4)?
2, 11
Let z = 6 - 9. Let c(w) = -3*w**2 + 0*w**2 - 4*w + 6 - w**3 - 8. What are the prime factors of c(z)?
2, 5
Let n = 43 - 23. List the prime factors of (14/35)/(2/n).
2
Suppose -21 + 3 = -6*i. What are the prime factors of i?
3
Suppose -5*v + 25 = -0*v. Let l(g) = -v - 13*g + 2 + 7*g. What are the prime factors of l(-3)?
3, 5
Let u(y) = -y + 3. Let r be u(6). What are the prime factors of (-78)/(-4)*(-2)/r?
13
Let q(p) = p**3 - 6*p**2 + 6*p. Let v be q(4). Let o(g) = g**3 + 3*g**2 - 9*g - 9. Let f be o(-5). Let j = v - f. List the prime factors of j.
2, 3
Suppose n - 12 = -3*n. Let a(d) = -3*d - 3. Let s be a(-2). Suppose -5*z + 2*z + 56 = j, -48 = -s*z - n*j. What are the prime factors of z?
2, 5
What are the prime factors of 25 - (-3 - -1)/2?
2, 13
Suppose -22*k = -28*k + 972. List the prime factors of k.
2, 3
Suppose -b + 1 = -7. Let h = 20 - b. What are the prime factors of h?
2, 3
Let p = 559 - 361. List the prime factors of p.
2, 3, 11
Let k(t) = 2*t**2 - 33*t - 16. What are the prime factors of k(19)?
79
Let i = 5 + 2. What are the prime factors of i?
7
Let o = -40 - -28. Let w = o - -24. What are the prime factors of w?
2, 3
Let m(c) = c**2 + 10. Let y be m(5). Suppose o + 57 = 4*h, 4*o + 25 = 4*h - y. What are the prime factors of h?
2, 7
Let a be (-6)/4*(-6 + -18). List the prime factors of 1 + a + 0/1.
37
Let o = 30 - 20. Let a = 3 + o. What are the prime factors of a?
13
Suppose 0 = 2*r - 5 - 5. List the prime factors of (-15)/6*(-42)/r.
3, 7
Suppose 0 = b + 4*b + 15. Let v(o) = -o**3 - 2*o**2 + 2*o - 1. Let h be v(b). Suppose 3*q + h*w - 1 = 18, 26 = 3*q - 5*w. What are the prime factors of q?
7
Suppose 3*p - 3*o = 15, -2*p + 3*o - 6 + 16 = 0. List the prime factors of p.
5
Let b = 125 + -19. List the prime factors of b.
2, 53
Suppose -4*p - 13 + 121 = 0. List the prime factors of p.
3
Let l(t) be the third derivative of t**5/60 - 3*t**4/8 - 11*t**3/6 + 2*t**2. Let z(b) = -2*b - 5. Let o be z(-8). List the prime factors of l(o).
11
Suppose -3*q + 8 = -2*x - 7, 0 = -5*q + 25. Suppose 5*j - 5 - 30 = x. Let n = 5 + j. List the prime factors of n.
2, 3
Let v(f) be the first derivative of -f**3/3 + 10*f + 3. Suppose -3 - 13 = -2*d + 4*r, 5*d - 20 = 5*r. What are the prime factors of v(d)?
2, 5
What are the prime factors of (316/6)/((-8)/(-12) - 0)?
79
Let z = -26 + 25. List the prime factors of -4 - z - (-49 - -2).
2, 11
Suppose -5*c - 32 = -c. Let n = c + 14. What are the prime factors of n?
2, 3
Suppose -3*u + 2*u = 0. Suppose -5*h + 4*h + 5 = u. Suppose 0 = h*b - 2*b - 15. List the prime factors of b.
5
Suppose 5*f = 3*f + 60. What are the prime factors of f?
2, 3, 5
Let h = -37 - -124. Suppose 4*q - h = -5*j, 2*j + 3*q = 4*q + 40. What are the prime factors of j?
19
Suppose 4*z - 93 = -3*k, 0 = 2*z + 4*k + k - 29. Suppose 79 = 4*d + z. What are the prime factors of d?
13
Suppose -q + 5*f = -9, q + 5*f = -4*q + 15. Suppose 0 = q*t - 2*c - 34, 0*t = 2*t - 3*c - 7. List the prime factors of t.
11
Suppose -5*m = -0*m - 5. What are the prime factors of (m - 0) + 17 - 0?
2, 3
Let v(u) = -u + 2 - 3 + 9*u**2 - 2*u**2. Let l be v(-1). Let p = 14 - l. List the prime factors of p.
7
Suppose -5*t - 4*u + 56 = -1, -5*u + 42 = 4*t. Let z be (-1 + t)/((-12)/8). Let i = -1 - z. What are the prime factors of i?
7
Let i(m) = 30*m + 1. Let s be i(-1). Let b = s + 59. List the prime factors of b.
2, 3, 5
Suppose 4*y + 120 = -y. What are the prime factors of y/(-3) + 5 + -2?
11
List the prime factors of 16/(-56) + 205/7.
29
Let f be (4/(-5))/((-6)/(-15)). Let i be 0 + f - (-12)/3. Suppose -i*h + 20 = -2*k, k = 2*h - 3*k - 30. List the prime factors of h.
5
What are the prime factors of (-414)/(-5 + 7 + -4)?
3, 23
What are the prime factors of (-4 - -1)*(-38)/3?
2, 19
Suppose 3 = -2*w + 3*k, 5 + 10 = 3*w + 2*k. Suppose -5*o - 15 = 0, -b + 2*o = -w*b. List the prime factors of b.
3
Suppose 0 = -w + 2, -4*i + 0*w = -3*w - 94. Let m = 7 + i. Suppose m = -3*h + 7*h. What are the prime factors of h?
2
Let b = -2 - -2. Suppose b = -5*f - 5*x + 125, 62 - 12 = 2*f - 4*x. Suppose f = 5*c - 0*c. What are the prime factors of c?
5
Suppose -2*g - 20 + 230 = 0. Suppose -107 = -3*i - 3*l - l, 3*i + 3*l - g = 0. What are the prime factors of i?
3, 11
Suppose -5*u = 2*p - 74, 9*u - 4*u - 4*p - 62 = 0. Suppose 5 = l - u. List the prime factors of l.
19
Suppose -a - 13 = -5*m, 7 = -5*m - 5*a + 32. Suppose 2*k + 26 = 3*p, p + m*p + 3*k - 46 = 0. List the prime factors of p.
2, 5
Let x = 1 - -2. Let d = 1 + x. Suppose y - 2*y - 2*h = -18, -d*h + 12 = 